{"id":78,"date":"2019-08-19T18:05:25","date_gmt":"2019-08-19T18:05:25","guid":{"rendered":"https:\/\/elektro-schloesser.de\/?page_id=78"},"modified":"2019-08-19T18:05:28","modified_gmt":"2019-08-19T18:05:28","slug":"impressum","status":"publish","type":"page","link":"https:\/\/elektro-schloesser.de\/index.php\/impressum\/","title":{"rendered":"Impressum"},"content":{"rendered":"\n<p>\nBetreiber \/ Anbieterkennzeichnung gem. \u00a7 5 TMG<\/p>\n\n\n\nElektro Schl\u00f6sser<br>\nAlte Pastoratstra\u00dfe 11-15<br>\n47877 Willich-Schiefbahn<br>\nTelefon 0 21 54 \/ 53 88<br>\nTelefax 0 21 54 \/ 81 10 57<br>\nEmail: info@elektro-schloesser.de<br><br>\nInhaber: Frank Schl\u00f6sser<br>\nSteuer Nr.: 102\/5716\/0271<br><br>\nZust\u00e4ndige Kammer:<br>\nHandwerkskammer D\u00fcsseldorf<br>\nGeorg-Schulhoff-Platz 1, 40221 D\u00fcsseldorf<br>\nBerufsbezeichnung: Elektrotechnikermeister<br>\n(verliehen jeweils in der Bundesrepublik Deutschland)<br>\nBerufliche Regelungen:<br>\nHandwerksordnung<br>\n(zu finden im Bundesgesetzblatt, Seite 3074<br>\n in der Fassung vom 24. September 1998)<br><br>\nVerantwortlich f\u00fcr Inhalt, Texte und Bilder sowie im Sinne<br> \nvon \u00a710 Abs.3  MDStV.: ist Frank Schl\u00f6sser\n\n\n\n<p><strong>               <br><br>               Disclaimer<\/strong><\/p>\n\n\n\n<p><strong>Inhalt des Onlineangebotes<\/strong><br>\nDer Autor \u00fcbernimmt keinerlei Gew\u00e4hr f\u00fcr die Aktualit\u00e4t, Korrektheit, \nVollst\u00e4ndigkeit oder Qualit\u00e4t der bereitgestellten Informationen. \nHaftungsanspr\u00fcche gegen den Autor, welche sich auf Sch\u00e4den materieller \noder ideeller Art beziehen, die durch die Nutzung oder Nichtnutzung der \ndargebotenen Informationen bzw. durch die Nutzung fehlerhafter und \nunvollst\u00e4ndiger Informationen verursacht wurden sind grunds\u00e4tzlich \nausgeschlossen, sofern seitens des Autors kein nachweislich \nvors\u00e4tzliches oder grob fahrl\u00e4ssiges Verschulden vorliegt. Alle Angebote\n sind freibleibend und unverbindlich. Der Autor beh\u00e4lt es sich \nausdr\u00fccklich vor, Teile der Seiten oder das gesamte Angebot ohne \ngesonderte Ank\u00fcndigung zu ver\u00e4ndern, zu erg\u00e4nzen, zu l\u00f6schen oder die \nVer\u00f6ffentlichung zeitweise oder endg\u00fcltig einzustellen.<\/p>\n\n\n\n<p><strong>Verweise und Links<\/strong><br>\nBei direkten oder indirekten Verweisen auf fremde Internetseiten \n(\u201cLinks\u201d), die au\u00dferhalb des Verantwortungsbereiches des Autors liegen, \nw\u00fcrde eine Haftungsverpflichtung ausschlie\u00dflich in dem Fall in Kraft \ntreten, in dem der Autor von den Inhalten Kenntnis hat und es ihm \ntechnisch m\u00f6glich und zumutbar w\u00e4re, die Nutzung im Falle rechtswidriger\n Inhalte zu verhindern. Der Autor erkl\u00e4rt daher ausdr\u00fccklich, dass zum \nZeitpunkt der Linksetzung die entsprechenden verlinkten Seiten frei von \nillegalen Inhalten waren. Der Autor hat keinerlei Einfluss auf die \naktuelle und zuk\u00fcnftige Gestaltung und auf die Inhalte der \ngelinkten\/verkn\u00fcpften Seiten. Deshalb distanziert er sich hiermit \nausdr\u00fccklich von allen Inhalten aller gelinkten\/verkn\u00fcpften Seiten, die \nnach der Linksetzung ver\u00e4ndert wurden. Diese Feststellung gilt f\u00fcr alle \ninnerhalb des eigenen Internetangebotes gesetzten Links und Verweise \nsowie f\u00fcr Fremdeintr\u00e4ge in vom Autor eingerichteten G\u00e4steb\u00fcchern, \nDiskussionsforen und Mailinglisten. F\u00fcr illegale, fehlerhafte oder \nunvollst\u00e4ndige Inhalte und insbesondere f\u00fcr Sch\u00e4den, die aus der Nutzung\n oder Nichtnutzung solcherart dargebotener Informationen entstehen, \nhaftet allein der Anbieter der Seite, auf welche verwiesen wurde, nicht \nderjenige, der \u00fcber Links auf die jeweilige Ver\u00f6ffentlichung lediglich \nverweist.<\/p>\n\n\n\n<p><strong>Urheber- und Kennzeichenrecht<\/strong><br>\nDer Autor ist bestrebt, in allen Publikationen die Urheberrechte der \nverwendeten Grafiken, Tondokumente, Videosequenzen und Texte zu \nbeachten, von ihm selbst erstellte Grafiken, Tondokumente, \nVideosequenzen und Texte zu nutzen oder auf lizenzfreie Grafiken, \nTondokumente, Videosequenzen und Texte zur\u00fcckzugreifen. Alle innerhalb \ndes Internetangebotes genannten und ggf. durch Dritte gesch\u00fctzten \nMarken- und Warenzeichen unterliegen uneingeschr\u00e4nkt den Bestimmungen \ndes jeweils g\u00fcltigen Kennzeichenrechts und den Besitzrechten der \njeweiligen eingetragenen Eigent\u00fcmer. Allein aufgrund der blo\u00dfen Nennung \nist nicht der Schlu\u00df zu ziehen, dass Markenzeichen nicht durch Rechte \nDritter gesch\u00fctzt sind! Das Copyright f\u00fcr ver\u00f6ffentlichte, vom Autor \nselbst erstellte Objekte bleibt allein beim Autor der Seiten. Eine \nVervielf\u00e4ltigung oder Verwendung solcher Grafiken, Tondokumente, \nVideosequenzen und Texte in anderen elektronischen oder gedruckten \nPublikationen ist ohne ausdr\u00fcckliche Zustimmung des Autors nicht \ngestattet.<\/p>\n\n\n\n<p><strong>Rechtswirksamkeit dieses Haftungsausschlusses<\/strong><br>\nDieser Haftungsausschluss ist als Teil des Internetangebotes zu \nbetrachten, von dem aus auf diese Seite verwiesen wurde. Sofern Teile \noder einzelne Formulierungen dieses Textes der geltenden Rechtslage \nnicht, nicht mehr oder nicht vollst\u00e4ndig entsprechen sollten, bleiben \ndie \u00fcbrigen Teile des Dokumentes in ihrem Inhalt und ihrer G\u00fcltigkeit \ndavon unber\u00fchrt.<\/p>\n\n\n\n<p><strong>Datenschutzerkl\u00e4rung<\/strong><br>\nBeim Besuch dieser Homepage wird die IP-Adresse registriert, die von \nIhrem Internet Provider zugewiesen wurde. Ferner wird die Adresse der \nWebsite von der aus Sie zu uns gekommen sind protokolliert. Diese \nInformationen werden zu statistischen Zwecken intern ausgewertet. Diese \nDaten werden nicht an Dritte weitergegeben.\n\n<\/p>\n","protected":false},"excerpt":{"rendered":"<p>Betreiber \/ Anbieterkennzeichnung gem. \u00a7 5 TMG Elektro Schl\u00f6sser Alte Pastoratstra\u00dfe 11-15 47877 Willich-Schiefbahn Telefon 0 21 54 \/ 53 88 Telefax 0 21 54 \/ 81 10 57 Email: info@elektro-schloesser.de Inhaber: Frank Schl\u00f6sser Steuer Nr.: 102\/5716\/0271 Zust\u00e4ndige Kammer: Handwerkskammer D\u00fcsseldorf Georg-Schulhoff-Platz 1, 40221 D\u00fcsseldorf Berufsbezeichnung: Elektrotechnikermeister (verliehen jeweils in der Bundesrepublik Deutschland) Berufliche Regelungen: &hellip; <\/p>\n<p class=\"link-more\"><a href=\"https:\/\/elektro-schloesser.de\/index.php\/impressum\/\" class=\"more-link\"><span class=\"screen-reader-text\">\u201eImpressum\u201c<\/span> weiterlesen<\/a><\/p>\n","protected":false},"author":1,"featured_media":0,"parent":0,"menu_order":0,"comment_status":"closed","ping_status":"closed","template":"","meta":[],"yoast_head":"<!-- This site is optimized with the Yoast SEO plugin v19.12 - https:\/\/yoast.com\/wordpress\/plugins\/seo\/ -->\n<title>Impressum - Elektrotechnik Schl\u00f6sser<\/title>\n<meta name=\"robots\" content=\"index, follow, max-snippet:-1, max-image-preview:large, max-video-preview:-1\" \/>\n<link rel=\"canonical\" href=\"https:\/\/elektro-schloesser.de\/index.php\/impressum\/\" \/>\n<meta property=\"og:locale\" content=\"de_DE\" \/>\n<meta property=\"og:type\" content=\"article\" \/>\n<meta property=\"og:title\" content=\"Impressum - Elektrotechnik Schl\u00f6sser\" \/>\n<meta property=\"og:description\" content=\"Betreiber \/ Anbieterkennzeichnung gem. \u00a7 5 TMG Elektro Schl\u00f6sser Alte Pastoratstra\u00dfe 11-15 47877 Willich-Schiefbahn Telefon 0 21 54 \/ 53 88 Telefax 0 21 54 \/ 81 10 57 Email: info@elektro-schloesser.de Inhaber: Frank Schl\u00f6sser Steuer Nr.: 102\/5716\/0271 Zust\u00e4ndige Kammer: Handwerkskammer D\u00fcsseldorf Georg-Schulhoff-Platz 1, 40221 D\u00fcsseldorf Berufsbezeichnung: Elektrotechnikermeister (verliehen jeweils in der Bundesrepublik Deutschland) Berufliche Regelungen: &hellip; \u201eImpressum\u201c weiterlesen\" \/>\n<meta property=\"og:url\" content=\"https:\/\/elektro-schloesser.de\/index.php\/impressum\/\" \/>\n<meta property=\"og:site_name\" content=\"Elektrotechnik Schl\u00f6sser\" \/>\n<meta property=\"article:modified_time\" content=\"2019-08-19T18:05:28+00:00\" \/>\n<meta name=\"twitter:card\" content=\"summary_large_image\" \/>\n<meta name=\"twitter:label1\" content=\"Gesch\u00e4tzte Lesezeit\" \/>\n\t<meta name=\"twitter:data1\" content=\"3\u00a0Minuten\" \/>\n<script type=\"application\/ld+json\" class=\"yoast-schema-graph\">{\"@context\":\"https:\/\/schema.org\",\"@graph\":[{\"@type\":\"WebPage\",\"@id\":\"https:\/\/elektro-schloesser.de\/index.php\/impressum\/\",\"url\":\"https:\/\/elektro-schloesser.de\/index.php\/impressum\/\",\"name\":\"Impressum - Elektrotechnik Schl\u00f6sser\",\"isPartOf\":{\"@id\":\"https:\/\/elektro-schloesser.de\/#website\"},\"datePublished\":\"2019-08-19T18:05:25+00:00\",\"dateModified\":\"2019-08-19T18:05:28+00:00\",\"breadcrumb\":{\"@id\":\"https:\/\/elektro-schloesser.de\/index.php\/impressum\/#breadcrumb\"},\"inLanguage\":\"de\",\"potentialAction\":[{\"@type\":\"ReadAction\",\"target\":[\"https:\/\/elektro-schloesser.de\/index.php\/impressum\/\"]}]},{\"@type\":\"BreadcrumbList\",\"@id\":\"https:\/\/elektro-schloesser.de\/index.php\/impressum\/#breadcrumb\",\"itemListElement\":[{\"@type\":\"ListItem\",\"position\":1,\"name\":\"Home\",\"item\":\"https:\/\/elektro-schloesser.de\/\"},{\"@type\":\"ListItem\",\"position\":2,\"name\":\"Impressum\"}]},{\"@type\":\"WebSite\",\"@id\":\"https:\/\/elektro-schloesser.de\/#website\",\"url\":\"https:\/\/elektro-schloesser.de\/\",\"name\":\"Elektrotechnik Schl\u00f6sser\",\"description\":\"Elektrotechnik Meisterbetrieb\",\"potentialAction\":[{\"@type\":\"SearchAction\",\"target\":{\"@type\":\"EntryPoint\",\"urlTemplate\":\"https:\/\/elektro-schloesser.de\/?s={search_term_string}\"},\"query-input\":\"required name=search_term_string\"}],\"inLanguage\":\"de\"}]}<\/script>\n<!-- \/ Yoast SEO plugin. -->","yoast_head_json":{"title":"Impressum - Elektrotechnik Schl\u00f6sser","robots":{"index":"index","follow":"follow","max-snippet":"max-snippet:-1","max-image-preview":"max-image-preview:large","max-video-preview":"max-video-preview:-1"},"canonical":"https:\/\/elektro-schloesser.de\/index.php\/impressum\/","og_locale":"de_DE","og_type":"article","og_title":"Impressum - Elektrotechnik Schl\u00f6sser","og_description":"Betreiber \/ Anbieterkennzeichnung gem. \u00a7 5 TMG Elektro Schl\u00f6sser Alte Pastoratstra\u00dfe 11-15 47877 Willich-Schiefbahn Telefon 0 21 54 \/ 53 88 Telefax 0 21 54 \/ 81 10 57 Email: info@elektro-schloesser.de Inhaber: Frank Schl\u00f6sser Steuer Nr.: 102\/5716\/0271 Zust\u00e4ndige Kammer: Handwerkskammer D\u00fcsseldorf Georg-Schulhoff-Platz 1, 40221 D\u00fcsseldorf Berufsbezeichnung: Elektrotechnikermeister (verliehen jeweils in der Bundesrepublik Deutschland) Berufliche Regelungen: &hellip; \u201eImpressum\u201c weiterlesen","og_url":"https:\/\/elektro-schloesser.de\/index.php\/impressum\/","og_site_name":"Elektrotechnik Schl\u00f6sser","article_modified_time":"2019-08-19T18:05:28+00:00","twitter_card":"summary_large_image","twitter_misc":{"Gesch\u00e4tzte Lesezeit":"3\u00a0Minuten"},"schema":{"@context":"https:\/\/schema.org","@graph":[{"@type":"WebPage","@id":"https:\/\/elektro-schloesser.de\/index.php\/impressum\/","url":"https:\/\/elektro-schloesser.de\/index.php\/impressum\/","name":"Impressum - Elektrotechnik Schl\u00f6sser","isPartOf":{"@id":"https:\/\/elektro-schloesser.de\/#website"},"datePublished":"2019-08-19T18:05:25+00:00","dateModified":"2019-08-19T18:05:28+00:00","breadcrumb":{"@id":"https:\/\/elektro-schloesser.de\/index.php\/impressum\/#breadcrumb"},"inLanguage":"de","potentialAction":[{"@type":"ReadAction","target":["https:\/\/elektro-schloesser.de\/index.php\/impressum\/"]}]},{"@type":"BreadcrumbList","@id":"https:\/\/elektro-schloesser.de\/index.php\/impressum\/#breadcrumb","itemListElement":[{"@type":"ListItem","position":1,"name":"Home","item":"https:\/\/elektro-schloesser.de\/"},{"@type":"ListItem","position":2,"name":"Impressum"}]},{"@type":"WebSite","@id":"https:\/\/elektro-schloesser.de\/#website","url":"https:\/\/elektro-schloesser.de\/","name":"Elektrotechnik Schl\u00f6sser","description":"Elektrotechnik Meisterbetrieb","potentialAction":[{"@type":"SearchAction","target":{"@type":"EntryPoint","urlTemplate":"https:\/\/elektro-schloesser.de\/?s={search_term_string}"},"query-input":"required name=search_term_string"}],"inLanguage":"de"}]}},"_links":{"self":[{"href":"https:\/\/elektro-schloesser.de\/index.php\/wp-json\/wp\/v2\/pages\/78"}],"collection":[{"href":"https:\/\/elektro-schloesser.de\/index.php\/wp-json\/wp\/v2\/pages"}],"about":[{"href":"https:\/\/elektro-schloesser.de\/index.php\/wp-json\/wp\/v2\/types\/page"}],"author":[{"embeddable":true,"href":"https:\/\/elektro-schloesser.de\/index.php\/wp-json\/wp\/v2\/users\/1"}],"replies":[{"embeddable":true,"href":"https:\/\/elektro-schloesser.de\/index.php\/wp-json\/wp\/v2\/comments?post=78"}],"version-history":[{"count":1,"href":"https:\/\/elektro-schloesser.de\/index.php\/wp-json\/wp\/v2\/pages\/78\/revisions"}],"predecessor-version":[{"id":79,"href":"https:\/\/elektro-schloesser.de\/index.php\/wp-json\/wp\/v2\/pages\/78\/revisions\/79"}],"wp:attachment":[{"href":"https:\/\/elektro-schloesser.de\/index.php\/wp-json\/wp\/v2\/media?parent=78"}],"curies":[{"name":"wp","href":"https:\/\/api.w.org\/{rel}","templated":true}]}}